en 13988951 is divided by 211.
73
Calculate the remainder when 63837 is divided by 1501.
795
What is the remainder when 3193798 is divided by 638752?
38
Calculate the remainder when 46883 is divided by 11482.
955
Calculate the remainder when 4886853 is divided by 1545.
18
What is the remainder when 31163973 is divided by 18?
15
What is the remainder when 88243 is divided by 1118?
1039
Calculate the remainder when 521276 is divided by 20850.
26
Calculate the remainder when 352877498 is divided by 85.
83
What is the remainder when 19530 is divided by 81?
9
Calculate the remainder when 25437892 is divided by 6359470.
12
Calculate the remainder when 4386067 is divided by 9.
7
What is the remainder when 678849186 is divided by 511?
505
Calculate the remainder when 5704225 is divided by 103713.
10
What is the remainder when 790189 is divided by 147?
64
What is the remainder when 35803699 is divided by 425?
424
What is the remainder when 1106020 is divided by 221176?
140
Calculate the remainder when 584531 is divided by 461.
444
Calculate the remainder when 4891699 is divided by 550.
549
What is the remainder when 1222762 is divided by 542?
10
Calculate the remainder when 247849 is divided by 3705.
3319
What is the remainder when 22933 is divided by 3254?
155
Calculate the remainder when 5073334 is divided by 162.
142
What is the remainder when 1685710 is divided by 102?
58
Calculate the remainder when 14975 is divided by 456.
383
Calculate the remainder when 789183287 is divided by 178.
173
What is the remainder when 99932 is divided by 1195?
747
Calculate the remainder when 101817853 is divided by 111.
106
What is the remainder when 93089 is divided by 671?
491
What is the remainder when 45611 is divided by 1868?
779
Calculate the remainder when 33546809 is divided by 23.
21
What is the remainder when 198012205 is divided by 82?
81
What is the remainder when 1512064 is divided by 403?
8
Calculate the remainder when 658729 is divided by 3488.
2985
Calculate the remainder when 9457700 is divided by 295.
0
Calculate the remainder when 2835932 is divided by 31.
21
Calculate the remainder when 8265354 is divided by 5046.
6
What is the remainder when 64995 is divided by 1211?
812
Calculate the remainder when 451371 is divided by 112809.
135
Calculate the remainder when 43808779 is divided by 147.
133
Calculate the remainder when 2835820 is divided by 251.
22
Calculate the remainder when 1380381 is divided by 6361.
44
What is the remainder when 2998657 is divided by 4767?
214
What is the remainder when 153416 is divided by 4151?
3980
What is the remainder when 9855149 is divided by 17?
11
Calculate the remainder when 185852 is divided by 2567.
1028
Calculate the remainder when 500006 is divided by 500001.
5
What is the remainder when 1548029 is divided by 773972?
85
What is the remainder when 1118287 is divided by 658?
345
Calculate the remainder when 5758103 is divided by 88.
87
What is the remainder when 8981593 is divided by 800?
793
Calculate the remainder when 5752005 is divided by 1897.
301
What is the remainder when 3357036 is divided by 941?
489
What is the remainder when 98050 is divided by 4252?
254
Calculate the remainder when 164539971 is divided by 559.
557
What is the remainder when 1705987 is divided by 2127?
133
What is the remainder when 7368198 is divided by 3878?
3876
What is the remainder when 12072061 is divided by 4024012?
25
Calculate the remainder when 48596638 is divided by 81.
40
What is the remainder when 3748510 is divided by 344?
286
What is the remainder when 256001 is divided by 4053?
662
What is the remainder when 87045 is divided by 3169?
1482
Calculate the remainder when 567878 is divided by 5074.
4664
What is the remainder when 260156 is divided by 260109?
47
Calculate the remainder when 2466857 is divided by 20387.
30
Calculate the remainder when 6784776 is divided by 2840.
16
What is the remainder when 441353 is divided by 224?
73
What is the remainder when 1673050 is divided by 8?
2
Calculate the remainder when 197058 is divided by 381.
81
Calculate the remainder when 3157667 is divided by 175419.
125
What is the remainder when 201440107 is divided by 57?
55
What is the remainder when 9264297 is divided by 94?
33
What is the remainder when 1473316 is divided by 294661?
11
Calculate the remainder when 34871462 is divided by 5811881.
176
What is the remainder when 2048535 is divided by 432?
423
Calculate the remainder when 8238611 is divided by 12.
11
Calculate the remainder when 2370787 is divided by 3518.
3173
What is the remainder when 4867 is divided by 4599?
268
Calculate the remainder when 573666 is divided by 22.
16
Calculate the remainder when 320403032 is divided by 29.
12
What is the remainder when 843222 is divided by 110?
72
Calculate the remainder when 9796421 is divided by 653094.
11
Calculate the remainder when 4457470 is divided by 15059.
6
What is the remainder when 36098809 is divided by 874?
861
Calculate the remainder when 382013 is divided by 712.
381
Calculate the remainder when 142570 is divided by 880.
10
What is the remainder when 21646528 is divided by 21646527?
1
What is the remainder when 3854746 is divided by 517?
511
What is the remainder when 18794885 is divided by 6646?
6643
What is the remainder when 70105 is divided by 2301?
1075
Calculate the remainder when 14543 is divided by 2224.
1199
Calculate the remainder when 5819527 is divided by 1454662.
879
Calculate the remainder when 5493750 is divided by 23.
16
What is the remainder when 740803 is divided by 740787?
16
What is the remainder when 4836400 is divided by 659?
658
What is the remainder when 228459760 is divided by 114?
112
What is the remainder when 350982 is divided by 70118?
392
What is the remainder when 2186493 is divided by 98?
15
What is the remainder when 126112 is divided by 25155?
337
Calculate the remainder when 161251 is divided by 25418.
8743
Calculate the remainder when 299239 is divided by 224.
199
Calculate the remainder when 141381 is divided by 3066.
345
Calculate the remainder when 303352 is divided by 241.
174
What is the remainder when 257155 is divided by 5993?
5449
Calculate the remainder when 605417 is divided by 24.
17
Calculate the remainder when 96791 is divided by 48277.
237
Calculate the remainder when 919133 is divided by 153188.
5
What is the remainder when 16237718 is divided by 2658?
2654
What is the remainder when 7404534 is divided by 660?
654
Calculate the remainder when 2548704 is divided by 87886.
10
Calculate the remainder when 355074748 is divided by 510.
508
Calculate the remainder when 26394602 is divided by 2932729.
41
What is the remainder when 1214815 is divided by 33744?
31
Calculate the remainder when 28440218 is divided by 2585474.
4
Calculate the remainder when 167192 is divided by 929.
901
Calculate the remainder when 426748 is divided by 2013.
2005
Calculate the remainder when 31382213 is divided by 89.
12
Calculate the remainder when 3430891 is divided by 13.
9
Calculate the remainder when 83036 is divided by 1990.
1446
Calculate the remainder when 9679591 is divided by 31124.
27
What is the remainder when 254786356 is divided by 764?
760
Calculate the remainder when 49255564 is divided by 5854.
8
What is the remainder when 793794 is divided by 2450?
2444
Calculate the remainder when 31391 is divided by 15505.
381
What is the remainder when 4269287 is divided by 326?
317
What is the remainder when 43468502 is divided by 5674?
5662
What is the remainder when 274465 is divided by 205?
175
What is the remainder when 2638377 is divided by 2489?
37
Calculate the remainder when 255436 is divided by 117.
25
What is the remainder when 332133 is divided by 331881?
252
Calculate the remainder when 18754 is divided by 8374.
2006
What is the remainder when 22230671 is divided by 24?
23
What is the remainder when 481846 is divided by 521?
442
Calculate the remainder when 7342177 is divided by 1218.
73
What is the remainder when 9148479 is divided by 4588?
7
Calculate the remainder when 1657045 is divided by 828426.
193
Calculate the remainder when 4855105 is divided by 14280.
14185
Calculate the remainder when 1768297 is divided by 604.
389
Calculate the remainder when 30599380 is divi